{"id":6297,"date":"2025-01-15T08:04:06","date_gmt":"2025-01-15T07:04:06","guid":{"rendered":"https:\/\/www.shop.calmwear.com\/shop\/?post_type=product&#038;p=6297"},"modified":"2026-02-26T15:26:49","modified_gmt":"2026-02-26T14:26:49","slug":"gutscheine","status":"publish","type":"product","link":"https:\/\/www.calmwear.de\/shop\/produkt\/gutscheine\/","title":{"rendered":"Gutschein"},"content":{"rendered":"<p data-start=\"28\" data-end=\"351\">Verschenken Sie Freude und Flexibilit\u00e4t mit unserem <strong data-start=\"80\" data-end=\"117\">Gutschein mit frei w\u00e4hlbarem Wert<\/strong>. Egal ob f\u00fcr stilvolle Wohnaccessoires, nachhaltige Produkte oder individuelle Lieblingsst\u00fccke \u2013 der Beschenkte kann sich genau das aussuchen, was am besten passt. Ideal f\u00fcr Geburtstage, Weihnachten oder als besondere \u00dcberraschung.<\/p>\n<ul data-start=\"353\" data-end=\"641\">\n<li data-start=\"353\" data-end=\"414\"><strong data-start=\"355\" data-end=\"377\">Flexibel einl\u00f6sbar<\/strong> \u2013 G\u00fcltig f\u00fcr das gesamte Sortiment<\/li>\n<li data-start=\"415\" data-end=\"470\"><strong data-start=\"417\" data-end=\"439\">Individueller Wert<\/strong> \u2013 Betrag nach Wunsch w\u00e4hlbar<\/li>\n<li data-start=\"471\" data-end=\"568\"><strong data-start=\"473\" data-end=\"501\">Perfekt f\u00fcr jeden Anlass<\/strong> \u2013 Eine stilvolle Geschenkidee f\u00fcr Familie, Freunde oder Kollegen<\/li>\n<li data-start=\"569\" data-end=\"641\"><strong data-start=\"571\" data-end=\"591\">Einfach &amp; bequem<\/strong> \u2013 Digital oder als hochwertige Karte erh\u00e4ltlich<\/li>\n<\/ul>\n<p data-start=\"643\" data-end=\"774\">Mit diesem Gutschein schenken Sie nicht nur ein Produkt, sondern die Freiheit zur eigenen Auswahl \u2013 immer passend und pers\u00f6nlich.<\/p>\n<p data-start=\"643\" data-end=\"774\"><strong data-start=\"1023\" data-end=\"1046\">Sicherheitshinweis:<\/strong><br data-start=\"1046\" data-end=\"1049\" \/>Der Gutschein ist nicht gegen Bargeld einl\u00f6sbar und hat eine begrenzte G\u00fcltigkeitsdauer gem\u00e4\u00df den AGB. Eine R\u00fcckerstattung oder Teil-Auszahlung ist nicht m\u00f6glich.<\/p>\n","protected":false},"excerpt":{"rendered":"<p>Der perfekte Geschenkgutschein mit frei w\u00e4hlbarem Wert. Einfach den gew\u00fcnschten Betrag bestimmen und dem Beschenkten eine gro\u00dfe Auswahl an hochwertigen Produkten erm\u00f6glichen. Ein Geschenk, das immer passt.<\/p>\n<p><strong data-start=\"1023\" data-end=\"1046\">Sicherheitshinweis:<\/strong><br data-start=\"1046\" data-end=\"1049\" \/>Der Gutschein ist nicht gegen Bargeld einl\u00f6sbar und hat eine begrenzte G\u00fcltigkeitsdauer gem\u00e4\u00df den AGB. Eine R\u00fcckerstattung oder Teil-Auszahlung ist nicht m\u00f6glich.<\/p>\n","protected":false},"featured_media":6414,"comment_status":"open","ping_status":"closed","template":"","meta":{"_acf_changed":false},"product_cat":[269,296,270,302],"product_tag":[],"class_list":{"0":"post-6297","1":"product","2":"type-product","3":"status-publish","4":"has-post-thumbnail","6":"product_cat-calmwear","7":"product_cat-calmwear-gutscheine","8":"product_cat-westcoast-northfreezeland","9":"product_cat-westcoast-northfreezeland-gutscheine","11":"first","12":"instock","13":"purchasable","14":"product-type-pw-gift-card"},"acf":[],"_links":{"self":[{"href":"https:\/\/www.calmwear.de\/shop\/wp-json\/wp\/v2\/product\/6297","targetHints":{"allow":["GET"]}}],"collection":[{"href":"https:\/\/www.calmwear.de\/shop\/wp-json\/wp\/v2\/product"}],"about":[{"href":"https:\/\/www.calmwear.de\/shop\/wp-json\/wp\/v2\/types\/product"}],"replies":[{"embeddable":true,"href":"https:\/\/www.calmwear.de\/shop\/wp-json\/wp\/v2\/comments?post=6297"}],"wp:featuredmedia":[{"embeddable":true,"href":"https:\/\/www.calmwear.de\/shop\/wp-json\/wp\/v2\/media\/6414"}],"wp:attachment":[{"href":"https:\/\/www.calmwear.de\/shop\/wp-json\/wp\/v2\/media?parent=6297"}],"wp:term":[{"taxonomy":"product_cat","embeddable":true,"href":"https:\/\/www.calmwear.de\/shop\/wp-json\/wp\/v2\/product_cat?post=6297"},{"taxonomy":"product_tag","embeddable":true,"href":"https:\/\/www.calmwear.de\/shop\/wp-json\/wp\/v2\/product_tag?post=6297"}],"curies":[{"name":"wp","href":"https:\/\/api.w.org\/{rel}","templated":true}]}}